{"id":1733,"date":"2019-04-11T15:39:36","date_gmt":"2019-04-11T13:39:36","guid":{"rendered":"https:\/\/blacktchip.com\/site\/?post_type=product&#038;p=1733"},"modified":"2025-07-19T20:32:05","modified_gmt":"2025-07-19T18:32:05","slug":"blvck-tchip-sweat-croix-rouge-hype-design","status":"publish","type":"product","link":"https:\/\/blacktchip.com\/site\/product\/blvck-tchip-sweat-croix-rouge-hype-design\/","title":{"rendered":"Croix rouge"},"content":{"rendered":"","protected":false},"excerpt":{"rendered":"<p><span style=\"font-size: 20px;\"><strong>New version comin soon&#8230;<\/strong><\/span><\/p>\n<p><strong>80% Coton ringspun, 20% Polyester. 300g<\/strong><\/p>\n<p>Sweat-shirt doux, col rond, manches longues. Sachez que si la sonorit\u00e9 est la m\u00eame, les d\u00e9finitions, elles, peuvent \u00eatre diff\u00e9rentes, mais le style, lui, reste unique. M\u00e9fiez vous des usurpations.<\/p>\n<p>&nbsp;<\/p>\n<p><strong>80% Coton ringspun, 20% Polyester. 300g<\/strong><\/p>\n<p>Sweatshirt soft, round neck, long sleeves. Knows that if the sound is the same, the definitions may be differents, but the style remains unique. Beware of usurpations.<\/p>\n","protected":false},"featured_media":2666,"comment_status":"closed","ping_status":"closed","template":"","meta":{"_acf_changed":false},"product_brand":[],"product_cat":[53],"product_tag":[],"class_list":{"0":"post-1733","1":"product","2":"type-product","3":"status-publish","4":"has-post-thumbnail","6":"product_cat-sweatshirts","8":"first","9":"outofstock","10":"shipping-taxable","11":"purchasable","12":"product-type-variable"},"acf":[],"yoast_head":"<!-- This site is optimized with the Yoast SEO plugin v27.5 - https:\/\/yoast.com\/product\/yoast-seo-wordpress\/ -->\n<title>Croix rouge - Black-Tchip<\/title>\n<meta name=\"description\" content=\"300g Sweat-shirt doux, col rond, manches longues. Sachez que si la sonorit\u00e9 est la m\u00eame, les d\u00e9finitions, elles, peuvent \u00eatre diff\u00e9rentes, mais le style, lui, reste unique. M\u00e9fiez vous des usurpations.80% Coton ringspun, 20% Polyester. 300g Sweatshirt soft, round neck, long sleeves. Knows that if the sound is the same, the definitions may be differents, but the style remains unique. Beware of usurpations hypebeast urban wear artist blvck geek drip connect hype sneakerhead designer hot design louis vuitton supreme black tchip cheap sheep croix rouge fashion week cute lacross hiphop new brand streetwear\" \/>\n<meta name=\"robots\" content=\"index, follow, max-snippet:-1, max-image-preview:large, max-video-preview:-1\" \/>\n<link rel=\"canonical\" href=\"https:\/\/blacktchip.com\/site\/product\/blvck-tchip-sweat-croix-rouge-hype-design\/\" \/>\n<meta property=\"og:locale\" content=\"fr_FR\" \/>\n<meta property=\"og:type\" content=\"article\" \/>\n<meta property=\"og:title\" content=\"Croix rouge - Black-Tchip\" \/>\n<meta property=\"og:description\" content=\"300g Sweat-shirt doux, col rond, manches longues. Sachez que si la sonorit\u00e9 est la m\u00eame, les d\u00e9finitions, elles, peuvent \u00eatre diff\u00e9rentes, mais le style, lui, reste unique. M\u00e9fiez vous des usurpations.80% Coton ringspun, 20% Polyester. 300g Sweatshirt soft, round neck, long sleeves. Knows that if the sound is the same, the definitions may be differents, but the style remains unique. Beware of usurpations hypebeast urban wear artist blvck geek drip connect hype sneakerhead designer hot design louis vuitton supreme black tchip cheap sheep croix rouge fashion week cute lacross hiphop new brand streetwear\" \/>\n<meta property=\"og:url\" content=\"https:\/\/blacktchip.com\/site\/product\/blvck-tchip-sweat-croix-rouge-hype-design\/\" \/>\n<meta property=\"og:site_name\" content=\"Black-Tchip\" \/>\n<meta property=\"article:modified_time\" content=\"2025-07-19T18:32:05+00:00\" \/>\n<meta property=\"og:image\" content=\"https:\/\/blacktchip.com\/site\/wp-content\/uploads\/2019\/04\/sans-titre-1.jpg\" \/>\n\t<meta property=\"og:image:width\" content=\"912\" \/>\n\t<meta property=\"og:image:height\" content=\"1085\" \/>\n\t<meta property=\"og:image:type\" content=\"image\/jpeg\" \/>\n<meta name=\"twitter:card\" content=\"summary_large_image\" \/>\n<meta name=\"twitter:label1\" content=\"Dur\u00e9e de lecture estim\u00e9e\" \/>\n\t<meta name=\"twitter:data1\" content=\"1 minute\" \/>\n<script type=\"application\/ld+json\" class=\"yoast-schema-graph\">{\"@context\":\"https:\\\/\\\/schema.org\",\"@graph\":[{\"@type\":\"WebPage\",\"@id\":\"https:\\\/\\\/blacktchip.com\\\/site\\\/product\\\/blvck-tchip-sweat-croix-rouge-hype-design\\\/\",\"url\":\"https:\\\/\\\/blacktchip.com\\\/site\\\/product\\\/blvck-tchip-sweat-croix-rouge-hype-design\\\/\",\"name\":\"Croix rouge - Black-Tchip\",\"isPartOf\":{\"@id\":\"https:\\\/\\\/blacktchip.com\\\/site\\\/#website\"},\"primaryImageOfPage\":{\"@id\":\"https:\\\/\\\/blacktchip.com\\\/site\\\/product\\\/blvck-tchip-sweat-croix-rouge-hype-design\\\/#primaryimage\"},\"image\":{\"@id\":\"https:\\\/\\\/blacktchip.com\\\/site\\\/product\\\/blvck-tchip-sweat-croix-rouge-hype-design\\\/#primaryimage\"},\"thumbnailUrl\":\"https:\\\/\\\/blacktchip.com\\\/site\\\/wp-content\\\/uploads\\\/2019\\\/04\\\/sans-titre-1.jpg\",\"datePublished\":\"2019-04-11T13:39:36+00:00\",\"dateModified\":\"2025-07-19T18:32:05+00:00\",\"description\":\"300g Sweat-shirt doux, col rond, manches longues. Sachez que si la sonorit\u00e9 est la m\u00eame, les d\u00e9finitions, elles, peuvent \u00eatre diff\u00e9rentes, mais le style, lui, reste unique. M\u00e9fiez vous des usurpations.80% Coton ringspun, 20% Polyester. 300g Sweatshirt soft, round neck, long sleeves. Knows that if the sound is the same, the definitions may be differents, but the style remains unique. Beware of usurpations hypebeast urban wear artist blvck geek drip connect hype sneakerhead designer hot design louis vuitton supreme black tchip cheap sheep croix rouge fashion week cute lacross hiphop new brand streetwear\",\"breadcrumb\":{\"@id\":\"https:\\\/\\\/blacktchip.com\\\/site\\\/product\\\/blvck-tchip-sweat-croix-rouge-hype-design\\\/#breadcrumb\"},\"inLanguage\":\"fr-FR\",\"potentialAction\":[{\"@type\":\"ReadAction\",\"target\":[\"https:\\\/\\\/blacktchip.com\\\/site\\\/product\\\/blvck-tchip-sweat-croix-rouge-hype-design\\\/\"]}]},{\"@type\":\"ImageObject\",\"inLanguage\":\"fr-FR\",\"@id\":\"https:\\\/\\\/blacktchip.com\\\/site\\\/product\\\/blvck-tchip-sweat-croix-rouge-hype-design\\\/#primaryimage\",\"url\":\"https:\\\/\\\/blacktchip.com\\\/site\\\/wp-content\\\/uploads\\\/2019\\\/04\\\/sans-titre-1.jpg\",\"contentUrl\":\"https:\\\/\\\/blacktchip.com\\\/site\\\/wp-content\\\/uploads\\\/2019\\\/04\\\/sans-titre-1.jpg\",\"width\":912,\"height\":1085},{\"@type\":\"BreadcrumbList\",\"@id\":\"https:\\\/\\\/blacktchip.com\\\/site\\\/product\\\/blvck-tchip-sweat-croix-rouge-hype-design\\\/#breadcrumb\",\"itemListElement\":[{\"@type\":\"ListItem\",\"position\":1,\"name\":\"Accueil\",\"item\":\"https:\\\/\\\/blacktchip.com\\\/site\\\/\"},{\"@type\":\"ListItem\",\"position\":2,\"name\":\"Boutique\",\"item\":\"https:\\\/\\\/blacktchip.com\\\/site\\\/boutique\\\/\"},{\"@type\":\"ListItem\",\"position\":3,\"name\":\"Croix rouge\"}]},{\"@type\":\"WebSite\",\"@id\":\"https:\\\/\\\/blacktchip.com\\\/site\\\/#website\",\"url\":\"https:\\\/\\\/blacktchip.com\\\/site\\\/\",\"name\":\"Black-Tchip\",\"description\":\"Great wolf in Tchip clothing\",\"publisher\":{\"@id\":\"https:\\\/\\\/blacktchip.com\\\/site\\\/#organization\"},\"potentialAction\":[{\"@type\":\"SearchAction\",\"target\":{\"@type\":\"EntryPoint\",\"urlTemplate\":\"https:\\\/\\\/blacktchip.com\\\/site\\\/?s={search_term_string}\"},\"query-input\":{\"@type\":\"PropertyValueSpecification\",\"valueRequired\":true,\"valueName\":\"search_term_string\"}}],\"inLanguage\":\"fr-FR\"},{\"@type\":\"Organization\",\"@id\":\"https:\\\/\\\/blacktchip.com\\\/site\\\/#organization\",\"name\":\"Black-Tchip\",\"url\":\"https:\\\/\\\/blacktchip.com\\\/site\\\/\",\"logo\":{\"@type\":\"ImageObject\",\"inLanguage\":\"fr-FR\",\"@id\":\"https:\\\/\\\/blacktchip.com\\\/site\\\/#\\\/schema\\\/logo\\\/image\\\/\",\"url\":\"https:\\\/\\\/blacktchip.com\\\/site\\\/wp-content\\\/uploads\\\/2018\\\/08\\\/cropped-Blacktchip_signature-official2K19_600.png\",\"contentUrl\":\"https:\\\/\\\/blacktchip.com\\\/site\\\/wp-content\\\/uploads\\\/2018\\\/08\\\/cropped-Blacktchip_signature-official2K19_600.png\",\"width\":600,\"height\":218,\"caption\":\"Black-Tchip\"},\"image\":{\"@id\":\"https:\\\/\\\/blacktchip.com\\\/site\\\/#\\\/schema\\\/logo\\\/image\\\/\"}}]}<\/script>\n<!-- \/ Yoast SEO plugin. -->","yoast_head_json":{"title":"Croix rouge - Black-Tchip","description":"300g Sweat-shirt doux, col rond, manches longues. Sachez que si la sonorit\u00e9 est la m\u00eame, les d\u00e9finitions, elles, peuvent \u00eatre diff\u00e9rentes, mais le style, lui, reste unique. M\u00e9fiez vous des usurpations.80% Coton ringspun, 20% Polyester. 300g Sweatshirt soft, round neck, long sleeves. Knows that if the sound is the same, the definitions may be differents, but the style remains unique. Beware of usurpations hypebeast urban wear artist blvck geek drip connect hype sneakerhead designer hot design louis vuitton supreme black tchip cheap sheep croix rouge fashion week cute lacross hiphop new brand streetwear","robots":{"index":"index","follow":"follow","max-snippet":"max-snippet:-1","max-image-preview":"max-image-preview:large","max-video-preview":"max-video-preview:-1"},"canonical":"https:\/\/blacktchip.com\/site\/product\/blvck-tchip-sweat-croix-rouge-hype-design\/","og_locale":"fr_FR","og_type":"article","og_title":"Croix rouge - Black-Tchip","og_description":"300g Sweat-shirt doux, col rond, manches longues. Sachez que si la sonorit\u00e9 est la m\u00eame, les d\u00e9finitions, elles, peuvent \u00eatre diff\u00e9rentes, mais le style, lui, reste unique. M\u00e9fiez vous des usurpations.80% Coton ringspun, 20% Polyester. 300g Sweatshirt soft, round neck, long sleeves. Knows that if the sound is the same, the definitions may be differents, but the style remains unique. Beware of usurpations hypebeast urban wear artist blvck geek drip connect hype sneakerhead designer hot design louis vuitton supreme black tchip cheap sheep croix rouge fashion week cute lacross hiphop new brand streetwear","og_url":"https:\/\/blacktchip.com\/site\/product\/blvck-tchip-sweat-croix-rouge-hype-design\/","og_site_name":"Black-Tchip","article_modified_time":"2025-07-19T18:32:05+00:00","og_image":[{"width":912,"height":1085,"url":"https:\/\/blacktchip.com\/site\/wp-content\/uploads\/2019\/04\/sans-titre-1.jpg","type":"image\/jpeg"}],"twitter_card":"summary_large_image","twitter_misc":{"Dur\u00e9e de lecture estim\u00e9e":"1 minute"},"schema":{"@context":"https:\/\/schema.org","@graph":[{"@type":"WebPage","@id":"https:\/\/blacktchip.com\/site\/product\/blvck-tchip-sweat-croix-rouge-hype-design\/","url":"https:\/\/blacktchip.com\/site\/product\/blvck-tchip-sweat-croix-rouge-hype-design\/","name":"Croix rouge - Black-Tchip","isPartOf":{"@id":"https:\/\/blacktchip.com\/site\/#website"},"primaryImageOfPage":{"@id":"https:\/\/blacktchip.com\/site\/product\/blvck-tchip-sweat-croix-rouge-hype-design\/#primaryimage"},"image":{"@id":"https:\/\/blacktchip.com\/site\/product\/blvck-tchip-sweat-croix-rouge-hype-design\/#primaryimage"},"thumbnailUrl":"https:\/\/blacktchip.com\/site\/wp-content\/uploads\/2019\/04\/sans-titre-1.jpg","datePublished":"2019-04-11T13:39:36+00:00","dateModified":"2025-07-19T18:32:05+00:00","description":"300g Sweat-shirt doux, col rond, manches longues. Sachez que si la sonorit\u00e9 est la m\u00eame, les d\u00e9finitions, elles, peuvent \u00eatre diff\u00e9rentes, mais le style, lui, reste unique. M\u00e9fiez vous des usurpations.80% Coton ringspun, 20% Polyester. 300g Sweatshirt soft, round neck, long sleeves. Knows that if the sound is the same, the definitions may be differents, but the style remains unique. Beware of usurpations hypebeast urban wear artist blvck geek drip connect hype sneakerhead designer hot design louis vuitton supreme black tchip cheap sheep croix rouge fashion week cute lacross hiphop new brand streetwear","breadcrumb":{"@id":"https:\/\/blacktchip.com\/site\/product\/blvck-tchip-sweat-croix-rouge-hype-design\/#breadcrumb"},"inLanguage":"fr-FR","potentialAction":[{"@type":"ReadAction","target":["https:\/\/blacktchip.com\/site\/product\/blvck-tchip-sweat-croix-rouge-hype-design\/"]}]},{"@type":"ImageObject","inLanguage":"fr-FR","@id":"https:\/\/blacktchip.com\/site\/product\/blvck-tchip-sweat-croix-rouge-hype-design\/#primaryimage","url":"https:\/\/blacktchip.com\/site\/wp-content\/uploads\/2019\/04\/sans-titre-1.jpg","contentUrl":"https:\/\/blacktchip.com\/site\/wp-content\/uploads\/2019\/04\/sans-titre-1.jpg","width":912,"height":1085},{"@type":"BreadcrumbList","@id":"https:\/\/blacktchip.com\/site\/product\/blvck-tchip-sweat-croix-rouge-hype-design\/#breadcrumb","itemListElement":[{"@type":"ListItem","position":1,"name":"Accueil","item":"https:\/\/blacktchip.com\/site\/"},{"@type":"ListItem","position":2,"name":"Boutique","item":"https:\/\/blacktchip.com\/site\/boutique\/"},{"@type":"ListItem","position":3,"name":"Croix rouge"}]},{"@type":"WebSite","@id":"https:\/\/blacktchip.com\/site\/#website","url":"https:\/\/blacktchip.com\/site\/","name":"Black-Tchip","description":"Great wolf in Tchip clothing","publisher":{"@id":"https:\/\/blacktchip.com\/site\/#organization"},"potentialAction":[{"@type":"SearchAction","target":{"@type":"EntryPoint","urlTemplate":"https:\/\/blacktchip.com\/site\/?s={search_term_string}"},"query-input":{"@type":"PropertyValueSpecification","valueRequired":true,"valueName":"search_term_string"}}],"inLanguage":"fr-FR"},{"@type":"Organization","@id":"https:\/\/blacktchip.com\/site\/#organization","name":"Black-Tchip","url":"https:\/\/blacktchip.com\/site\/","logo":{"@type":"ImageObject","inLanguage":"fr-FR","@id":"https:\/\/blacktchip.com\/site\/#\/schema\/logo\/image\/","url":"https:\/\/blacktchip.com\/site\/wp-content\/uploads\/2018\/08\/cropped-Blacktchip_signature-official2K19_600.png","contentUrl":"https:\/\/blacktchip.com\/site\/wp-content\/uploads\/2018\/08\/cropped-Blacktchip_signature-official2K19_600.png","width":600,"height":218,"caption":"Black-Tchip"},"image":{"@id":"https:\/\/blacktchip.com\/site\/#\/schema\/logo\/image\/"}}]}},"_links":{"self":[{"href":"https:\/\/blacktchip.com\/site\/wp-json\/wp\/v2\/product\/1733","targetHints":{"allow":["GET"]}}],"collection":[{"href":"https:\/\/blacktchip.com\/site\/wp-json\/wp\/v2\/product"}],"about":[{"href":"https:\/\/blacktchip.com\/site\/wp-json\/wp\/v2\/types\/product"}],"replies":[{"embeddable":true,"href":"https:\/\/blacktchip.com\/site\/wp-json\/wp\/v2\/comments?post=1733"}],"wp:featuredmedia":[{"embeddable":true,"href":"https:\/\/blacktchip.com\/site\/wp-json\/wp\/v2\/media\/2666"}],"wp:attachment":[{"href":"https:\/\/blacktchip.com\/site\/wp-json\/wp\/v2\/media?parent=1733"}],"wp:term":[{"taxonomy":"product_brand","embeddable":true,"href":"https:\/\/blacktchip.com\/site\/wp-json\/wp\/v2\/product_brand?post=1733"},{"taxonomy":"product_cat","embeddable":true,"href":"https:\/\/blacktchip.com\/site\/wp-json\/wp\/v2\/product_cat?post=1733"},{"taxonomy":"product_tag","embeddable":true,"href":"https:\/\/blacktchip.com\/site\/wp-json\/wp\/v2\/product_tag?post=1733"}],"curies":[{"name":"wp","href":"https:\/\/api.w.org\/{rel}","templated":true}]}}