{"id":2413,"date":"2020-11-05T14:42:27","date_gmt":"2020-11-05T13:42:27","guid":{"rendered":"https:\/\/blacktchip.com\/site\/?post_type=product&#038;p=2413"},"modified":"2025-07-19T20:13:32","modified_gmt":"2025-07-19T18:13:32","slug":"letuiaclopes","status":"publish","type":"product","link":"https:\/\/blacktchip.com\/site\/product\/letuiaclopes\/","title":{"rendered":"L&rsquo;\u00e9tui \u00e0 clopes"},"content":{"rendered":"","protected":false},"excerpt":{"rendered":"<p>L\u2019\u00e9tui \u00e0 clopes renouvelle le design vintage, le \u00ab\u00a0Must have\u00a0\u00bb pour les fumeurs de cigarettes tub\u00e9es ou roul\u00e9es. L\u2019\u00e9tui \u00e0 cigarettes permet d&rsquo;afficher son originalit\u00e9 tout en les prot\u00e8geant. L&rsquo;\u00e9tui \u00e0 clopes b\u00e9n\u00e9ficie d&rsquo; un briquet USB (r\u00e9sistance en spirale)\u00a0 cordon recharge USB inclus.<\/p>\n<p>&nbsp;<\/p>\n<p>The cigarette case renews the vintage design, the \u00ab\u00a0Must have\u00a0\u00bb for smokers of cased or rolled cigarettes. The cigarette case allows you to display its originality while protecting them. The cigarette case has a USB lighter (spiral resistance) USB charging cord included.<\/p>\n","protected":false},"featured_media":2667,"comment_status":"closed","ping_status":"closed","template":"","meta":{"_acf_changed":false},"product_brand":[],"product_cat":[19],"product_tag":[],"class_list":{"0":"post-2413","1":"product","2":"type-product","3":"status-publish","4":"has-post-thumbnail","6":"product_cat-accessoires","8":"first","9":"instock","10":"shipping-taxable","11":"purchasable","12":"product-type-simple"},"acf":[],"yoast_head":"<!-- This site is optimized with the Yoast SEO plugin v27.5 - https:\/\/yoast.com\/product\/yoast-seo-wordpress\/ -->\n<title>L&#039;\u00e9tui \u00e0 clopes - Black-Tchip<\/title>\n<meta name=\"robots\" content=\"index, follow, max-snippet:-1, max-image-preview:large, max-video-preview:-1\" \/>\n<link rel=\"canonical\" href=\"https:\/\/blacktchip.com\/site\/product\/letuiaclopes\/\" \/>\n<meta property=\"og:locale\" content=\"fr_FR\" \/>\n<meta property=\"og:type\" content=\"article\" \/>\n<meta property=\"og:title\" content=\"L&#039;\u00e9tui \u00e0 clopes - Black-Tchip\" \/>\n<meta property=\"og:description\" content=\"L\u2019\u00e9tui \u00e0 clopes renouvelle le design vintage, le &quot;Must have&quot; pour les fumeurs de cigarettes tub\u00e9es ou roul\u00e9es. L\u2019\u00e9tui \u00e0 cigarettes permet d&#039;afficher son originalit\u00e9 tout en les prot\u00e8geant. L&#039;\u00e9tui \u00e0 clopes b\u00e9n\u00e9ficie d&#039; un briquet USB (r\u00e9sistance en spirale)\u00a0 cordon recharge USB inclus.  &nbsp;  The cigarette case renews the vintage design, the &quot;Must have&quot; for smokers of cased or rolled cigarettes. The cigarette case allows you to display its originality while protecting them. The cigarette case has a USB lighter (spiral resistance) USB charging cord included.\" \/>\n<meta property=\"og:url\" content=\"https:\/\/blacktchip.com\/site\/product\/letuiaclopes\/\" \/>\n<meta property=\"og:site_name\" content=\"Black-Tchip\" \/>\n<meta property=\"article:modified_time\" content=\"2025-07-19T18:13:32+00:00\" \/>\n<meta property=\"og:image\" content=\"https:\/\/blacktchip.com\/site\/wp-content\/uploads\/2020\/11\/etui-a-clopes-3.jpg\" \/>\n\t<meta property=\"og:image:width\" content=\"912\" \/>\n\t<meta property=\"og:image:height\" content=\"1085\" \/>\n\t<meta property=\"og:image:type\" content=\"image\/jpeg\" \/>\n<meta name=\"twitter:card\" content=\"summary_large_image\" \/>\n<meta name=\"twitter:label1\" content=\"Dur\u00e9e de lecture estim\u00e9e\" \/>\n\t<meta name=\"twitter:data1\" content=\"1 minute\" \/>\n<script type=\"application\/ld+json\" class=\"yoast-schema-graph\">{\"@context\":\"https:\\\/\\\/schema.org\",\"@graph\":[{\"@type\":\"WebPage\",\"@id\":\"https:\\\/\\\/blacktchip.com\\\/site\\\/product\\\/letuiaclopes\\\/\",\"url\":\"https:\\\/\\\/blacktchip.com\\\/site\\\/product\\\/letuiaclopes\\\/\",\"name\":\"L'\u00e9tui \u00e0 clopes - Black-Tchip\",\"isPartOf\":{\"@id\":\"https:\\\/\\\/blacktchip.com\\\/site\\\/#website\"},\"primaryImageOfPage\":{\"@id\":\"https:\\\/\\\/blacktchip.com\\\/site\\\/product\\\/letuiaclopes\\\/#primaryimage\"},\"image\":{\"@id\":\"https:\\\/\\\/blacktchip.com\\\/site\\\/product\\\/letuiaclopes\\\/#primaryimage\"},\"thumbnailUrl\":\"https:\\\/\\\/blacktchip.com\\\/site\\\/wp-content\\\/uploads\\\/2020\\\/11\\\/etui-a-clopes-3.jpg\",\"datePublished\":\"2020-11-05T13:42:27+00:00\",\"dateModified\":\"2025-07-19T18:13:32+00:00\",\"breadcrumb\":{\"@id\":\"https:\\\/\\\/blacktchip.com\\\/site\\\/product\\\/letuiaclopes\\\/#breadcrumb\"},\"inLanguage\":\"fr-FR\",\"potentialAction\":[{\"@type\":\"ReadAction\",\"target\":[\"https:\\\/\\\/blacktchip.com\\\/site\\\/product\\\/letuiaclopes\\\/\"]}]},{\"@type\":\"ImageObject\",\"inLanguage\":\"fr-FR\",\"@id\":\"https:\\\/\\\/blacktchip.com\\\/site\\\/product\\\/letuiaclopes\\\/#primaryimage\",\"url\":\"https:\\\/\\\/blacktchip.com\\\/site\\\/wp-content\\\/uploads\\\/2020\\\/11\\\/etui-a-clopes-3.jpg\",\"contentUrl\":\"https:\\\/\\\/blacktchip.com\\\/site\\\/wp-content\\\/uploads\\\/2020\\\/11\\\/etui-a-clopes-3.jpg\",\"width\":912,\"height\":1085},{\"@type\":\"BreadcrumbList\",\"@id\":\"https:\\\/\\\/blacktchip.com\\\/site\\\/product\\\/letuiaclopes\\\/#breadcrumb\",\"itemListElement\":[{\"@type\":\"ListItem\",\"position\":1,\"name\":\"Accueil\",\"item\":\"https:\\\/\\\/blacktchip.com\\\/site\\\/\"},{\"@type\":\"ListItem\",\"position\":2,\"name\":\"Boutique\",\"item\":\"https:\\\/\\\/blacktchip.com\\\/site\\\/boutique\\\/\"},{\"@type\":\"ListItem\",\"position\":3,\"name\":\"L&rsquo;\u00e9tui \u00e0 clopes\"}]},{\"@type\":\"WebSite\",\"@id\":\"https:\\\/\\\/blacktchip.com\\\/site\\\/#website\",\"url\":\"https:\\\/\\\/blacktchip.com\\\/site\\\/\",\"name\":\"Black-Tchip\",\"description\":\"Great wolf in Tchip clothing\",\"publisher\":{\"@id\":\"https:\\\/\\\/blacktchip.com\\\/site\\\/#organization\"},\"potentialAction\":[{\"@type\":\"SearchAction\",\"target\":{\"@type\":\"EntryPoint\",\"urlTemplate\":\"https:\\\/\\\/blacktchip.com\\\/site\\\/?s={search_term_string}\"},\"query-input\":{\"@type\":\"PropertyValueSpecification\",\"valueRequired\":true,\"valueName\":\"search_term_string\"}}],\"inLanguage\":\"fr-FR\"},{\"@type\":\"Organization\",\"@id\":\"https:\\\/\\\/blacktchip.com\\\/site\\\/#organization\",\"name\":\"Black-Tchip\",\"url\":\"https:\\\/\\\/blacktchip.com\\\/site\\\/\",\"logo\":{\"@type\":\"ImageObject\",\"inLanguage\":\"fr-FR\",\"@id\":\"https:\\\/\\\/blacktchip.com\\\/site\\\/#\\\/schema\\\/logo\\\/image\\\/\",\"url\":\"https:\\\/\\\/blacktchip.com\\\/site\\\/wp-content\\\/uploads\\\/2018\\\/08\\\/cropped-Blacktchip_signature-official2K19_600.png\",\"contentUrl\":\"https:\\\/\\\/blacktchip.com\\\/site\\\/wp-content\\\/uploads\\\/2018\\\/08\\\/cropped-Blacktchip_signature-official2K19_600.png\",\"width\":600,\"height\":218,\"caption\":\"Black-Tchip\"},\"image\":{\"@id\":\"https:\\\/\\\/blacktchip.com\\\/site\\\/#\\\/schema\\\/logo\\\/image\\\/\"}}]}<\/script>\n<!-- \/ Yoast SEO plugin. -->","yoast_head_json":{"title":"L'\u00e9tui \u00e0 clopes - Black-Tchip","robots":{"index":"index","follow":"follow","max-snippet":"max-snippet:-1","max-image-preview":"max-image-preview:large","max-video-preview":"max-video-preview:-1"},"canonical":"https:\/\/blacktchip.com\/site\/product\/letuiaclopes\/","og_locale":"fr_FR","og_type":"article","og_title":"L'\u00e9tui \u00e0 clopes - Black-Tchip","og_description":"L\u2019\u00e9tui \u00e0 clopes renouvelle le design vintage, le \"Must have\" pour les fumeurs de cigarettes tub\u00e9es ou roul\u00e9es. L\u2019\u00e9tui \u00e0 cigarettes permet d'afficher son originalit\u00e9 tout en les prot\u00e8geant. L'\u00e9tui \u00e0 clopes b\u00e9n\u00e9ficie d' un briquet USB (r\u00e9sistance en spirale)\u00a0 cordon recharge USB inclus.  &nbsp;  The cigarette case renews the vintage design, the \"Must have\" for smokers of cased or rolled cigarettes. The cigarette case allows you to display its originality while protecting them. The cigarette case has a USB lighter (spiral resistance) USB charging cord included.","og_url":"https:\/\/blacktchip.com\/site\/product\/letuiaclopes\/","og_site_name":"Black-Tchip","article_modified_time":"2025-07-19T18:13:32+00:00","og_image":[{"width":912,"height":1085,"url":"https:\/\/blacktchip.com\/site\/wp-content\/uploads\/2020\/11\/etui-a-clopes-3.jpg","type":"image\/jpeg"}],"twitter_card":"summary_large_image","twitter_misc":{"Dur\u00e9e de lecture estim\u00e9e":"1 minute"},"schema":{"@context":"https:\/\/schema.org","@graph":[{"@type":"WebPage","@id":"https:\/\/blacktchip.com\/site\/product\/letuiaclopes\/","url":"https:\/\/blacktchip.com\/site\/product\/letuiaclopes\/","name":"L'\u00e9tui \u00e0 clopes - Black-Tchip","isPartOf":{"@id":"https:\/\/blacktchip.com\/site\/#website"},"primaryImageOfPage":{"@id":"https:\/\/blacktchip.com\/site\/product\/letuiaclopes\/#primaryimage"},"image":{"@id":"https:\/\/blacktchip.com\/site\/product\/letuiaclopes\/#primaryimage"},"thumbnailUrl":"https:\/\/blacktchip.com\/site\/wp-content\/uploads\/2020\/11\/etui-a-clopes-3.jpg","datePublished":"2020-11-05T13:42:27+00:00","dateModified":"2025-07-19T18:13:32+00:00","breadcrumb":{"@id":"https:\/\/blacktchip.com\/site\/product\/letuiaclopes\/#breadcrumb"},"inLanguage":"fr-FR","potentialAction":[{"@type":"ReadAction","target":["https:\/\/blacktchip.com\/site\/product\/letuiaclopes\/"]}]},{"@type":"ImageObject","inLanguage":"fr-FR","@id":"https:\/\/blacktchip.com\/site\/product\/letuiaclopes\/#primaryimage","url":"https:\/\/blacktchip.com\/site\/wp-content\/uploads\/2020\/11\/etui-a-clopes-3.jpg","contentUrl":"https:\/\/blacktchip.com\/site\/wp-content\/uploads\/2020\/11\/etui-a-clopes-3.jpg","width":912,"height":1085},{"@type":"BreadcrumbList","@id":"https:\/\/blacktchip.com\/site\/product\/letuiaclopes\/#breadcrumb","itemListElement":[{"@type":"ListItem","position":1,"name":"Accueil","item":"https:\/\/blacktchip.com\/site\/"},{"@type":"ListItem","position":2,"name":"Boutique","item":"https:\/\/blacktchip.com\/site\/boutique\/"},{"@type":"ListItem","position":3,"name":"L&rsquo;\u00e9tui \u00e0 clopes"}]},{"@type":"WebSite","@id":"https:\/\/blacktchip.com\/site\/#website","url":"https:\/\/blacktchip.com\/site\/","name":"Black-Tchip","description":"Great wolf in Tchip clothing","publisher":{"@id":"https:\/\/blacktchip.com\/site\/#organization"},"potentialAction":[{"@type":"SearchAction","target":{"@type":"EntryPoint","urlTemplate":"https:\/\/blacktchip.com\/site\/?s={search_term_string}"},"query-input":{"@type":"PropertyValueSpecification","valueRequired":true,"valueName":"search_term_string"}}],"inLanguage":"fr-FR"},{"@type":"Organization","@id":"https:\/\/blacktchip.com\/site\/#organization","name":"Black-Tchip","url":"https:\/\/blacktchip.com\/site\/","logo":{"@type":"ImageObject","inLanguage":"fr-FR","@id":"https:\/\/blacktchip.com\/site\/#\/schema\/logo\/image\/","url":"https:\/\/blacktchip.com\/site\/wp-content\/uploads\/2018\/08\/cropped-Blacktchip_signature-official2K19_600.png","contentUrl":"https:\/\/blacktchip.com\/site\/wp-content\/uploads\/2018\/08\/cropped-Blacktchip_signature-official2K19_600.png","width":600,"height":218,"caption":"Black-Tchip"},"image":{"@id":"https:\/\/blacktchip.com\/site\/#\/schema\/logo\/image\/"}}]}},"_links":{"self":[{"href":"https:\/\/blacktchip.com\/site\/wp-json\/wp\/v2\/product\/2413","targetHints":{"allow":["GET"]}}],"collection":[{"href":"https:\/\/blacktchip.com\/site\/wp-json\/wp\/v2\/product"}],"about":[{"href":"https:\/\/blacktchip.com\/site\/wp-json\/wp\/v2\/types\/product"}],"replies":[{"embeddable":true,"href":"https:\/\/blacktchip.com\/site\/wp-json\/wp\/v2\/comments?post=2413"}],"wp:featuredmedia":[{"embeddable":true,"href":"https:\/\/blacktchip.com\/site\/wp-json\/wp\/v2\/media\/2667"}],"wp:attachment":[{"href":"https:\/\/blacktchip.com\/site\/wp-json\/wp\/v2\/media?parent=2413"}],"wp:term":[{"taxonomy":"product_brand","embeddable":true,"href":"https:\/\/blacktchip.com\/site\/wp-json\/wp\/v2\/product_brand?post=2413"},{"taxonomy":"product_cat","embeddable":true,"href":"https:\/\/blacktchip.com\/site\/wp-json\/wp\/v2\/product_cat?post=2413"},{"taxonomy":"product_tag","embeddable":true,"href":"https:\/\/blacktchip.com\/site\/wp-json\/wp\/v2\/product_tag?post=2413"}],"curies":[{"name":"wp","href":"https:\/\/api.w.org\/{rel}","templated":true}]}}